954089 composite?
True
Is 131840747 prime?
True
Is 77213795 composite?
True
Is 691025399 a prime number?
False
Is 901679 a composite number?
False
Is 4411471 composite?
True
Is 8222963 a prime number?
False
Is 855187 a prime number?
True
Is 151866817 a composite number?
False
Is 66577 a prime number?
False
Is 3462377 a composite number?
False
Is 30345022 prime?
False
Is 119602559 a composite number?
True
Is 352301 composite?
False
Is 7120691 composite?
True
Is 5828561 prime?
True
Is 241840133 prime?
False
Is 42812659 composite?
False
Is 3247891 prime?
False
Is 37999987 a prime number?
True
Is 160551343 composite?
False
Is 120358291 prime?
True
Is 9861155 composite?
True
Is 3405263 a composite number?
False
Is 9409403 a composite number?
False
Is 2157227 a prime number?
False
Is 61747721 composite?
True
Is 37633001 a composite number?
True
Is 1730567 a composite number?
False
Is 30365303 prime?
True
Is 1119705551 prime?
True
Is 3542291 composite?
True
Is 3868243 a composite number?
False
Is 2599 a prime number?
False
Is 6399817 a composite number?
False
Is 247241 prime?
True
Is 3033013 prime?
False
Is 198213953 a composite number?
True
Is 10057031 a prime number?
True
Is 93523 a prime number?
True
Is 58658911 prime?
True
Is 16004893 a composite number?
True
Is 10273919 prime?
False
Is 187939861 composite?
True
Is 121793129 a composite number?
False
Is 1541497 a composite number?
False
Is 1538897 a composite number?
True
Is 162447097 a composite number?
True
Is 51689485 composite?
True
Is 24329759 a composite number?
False
Is 5624679 prime?
False
Is 7854401 composite?
False
Is 42104343 a composite number?
True
Is 157364117 composite?
True
Is 5933695 composite?
True
Is 9746111 a prime number?
True
Is 55790869 prime?
False
Is 81097405 a prime number?
False
Is 5574949 prime?
False
Is 1177331 composite?
False
Is 29414249 prime?
False
Is 18741403 a prime number?
True
Is 242744083 composite?
True
Is 5557813 a prime number?
True
Is 11332389 a composite number?
True
Is 46150153 prime?
False
Is 2313929 prime?
True
Is 146407 composite?
False
Is 1825861 a prime number?
True
Is 47139713 prime?
True
Is 45258757 a prime number?
True
Is 36944993 prime?
True
Is 7323814 a composite number?
True
Is 9352991 a prime number?
False
Is 6413971 prime?
False
Is 3663349 a prime number?
False
Is 1620818 composite?
True
Is 607166531 prime?
False
Is 7238879 a prime number?
True
Is 9577187 composite?
False
Is 90641869 a prime number?
True
Is 172191527 a prime number?
True
Is 2224099 prime?
True
Is 10815139 a prime number?
True
Is 98371291 a composite number?
False
Is 1848401 prime?
False
Is 148937 prime?
False
Is 145754201 a composite number?
True
Is 59225503 prime?
False
Is 283020821 a composite number?
False
Is 497069 composite?
False
Is 3787391 prime?
True
Is 11918687 prime?
False
Is 3904157 a composite number?
True
Is 2816767 composite?
False
Is 34164959 composite?
True
Is 97901039 a prime number?
True
Is 182569003 a prime number?
True
Is 306854051 prime?
False
Is 976166921 a composite number?
False
Is 5077847 a composite number?
False
Is 2933597 composite?
False
Is 18139523 prime?
True
Is 8173789 prime?
False
Is 28804117 a prime number?
True
Is 34353079 composite?
False
Is 35798069 a prime number?
True
Is 3422827 a composite number?
True
Is 5988061 prime?
True
Is 14107009 prime?
False
Is 4753061 prime?
True
Is 44840759 a composite number?
True
Is 129918367 prime?
False
Is 46012481 composite?
True
Is 706681 prime?
False
Is 1468219 prime?
True
Is 1410467219 a prime number?
False
Is 349068353 a composite number?
True
Is 259390633 prime?
False
Is 841363855 a prime number?
False
Is 679361 composite?
False
Is 4433861 a prime number?
False
Is 2770057 a composite number?
True
Is 680590181 a composite number?
True
Is 61587811 prime?
True
Is 205483027 prime?
True
Is 7829 prime?
True
Is 20720627 composite?
True
Is 112191149 a composite number?
True
Is 169889 prime?
True
Is 169638793 composite?
True
Is 17900759 a prime number?
True
Is 151815701 a prime number?
True
Is 12376993 a composite number?
False
Is 546473 a composite number?
True
Is 216119131 composite?
False
Is 68799811 a composite number?
False
Is 38730959 a prime number?
True
Is 434821 composite?
False
Is 223305773 composite?
True
Is 155921879 a prime number?
True
Is 31107281 a composite number?
False
Is 7742299 a prime number?
True
Is 833354287 composite?
False
Is 17041369 a composite number?
False
Is 16255957 a prime number?
False
Is 70463 composite?
True
Is 2305691 composite?
False
Is 314537 prime?
False
Is 419143877 a composite number?
False
Is 2522593 composite?
False
Is 41330641 prime?
False
Is 92242883 a composite number?
False
Is 825631 prime?
False
Is 16950305 a prime number?
False
Is 22925657 a composite number?
True
Is 44782527 a composite number?
True
Is 224709 composite?
True
Is 4480613 composite?
False
Is 109452019 a prime number?
False
Is 46344799 a composite number?
True
Is 1910141 a composite number?
True
Is 1736573 composite?
True
Is 60216479 prime?
True
Is 111444629 a composite number?
True
Is 949807 prime?
False
Is 104947589 a prime number?
True
Is 149866231 a prime number?
False
Is 3959801 a prime number?
True
Is 67547 composite?
False
Is 6242347 a prime number?
False
Is 133063 composite?
True
Is 5127451 composite?
True
Is 160412903 a composite number?
True
Is 850009 a composite number?
False
Is 3542443 composite?
True
Is 51217709 prime?
True
Is 7996181 a composite number?
True
Is 20490809 prime?
False
Is 41513177 a prime number?
True
Is 435671 a prime number?
False
Is 1894679 prime?
False
Is 3269393 composite?
False
Is 258106163 a composite number?
True
Is 641550113 prime?
True
Is 1582033 composite?
False
Is 28723589 composite?
True
Is 714123323 a prime number?
False
Is 51846187 a composite number?
False
Is 794093 composite?
True
Is 20582129 a composite number?
False
Is 134707049 composite?
False
Is 60185639 a composite number?
False
Is 759778961 a composite number?
True
Is 20701781 a composite number?
False
Is 106627159 a composite number?
False
Is 108457819 a composite number?
False
Is 730718215 a composite number?
True
Is 201803729 composite?
True
Is 7714777 a prime number?
False
Is 416868587 composite?
False
Is 616909 a composite number?
False
Is 12085003 composite?
True
Is 31973009 a composite number?
False
Is 2390699 composite?
False
Is 28126829 a prime number?
False
Is 189690031 a composite number?
False
Is 152363 composite?
False
Is 135971533 prime?
True
Is 306809 prime?
True
Is 1261243 a prime number?
False
Is 3791971 composite?
True
Is 21912827 composite?
True
Is 6556723 a prime number?
True
Is 196027753 composite?
False
Is 133260203 composite?
False
Is 290445773 a prime number?
False
Is 30141949 a composite number?
True
Is 715949 prime?
False
Is 6699221 a prime number?
True
Is 10946687 a composite number?
True
Is 281322413 a prime number?
True
Is 57480931 a prime number?
False
Is 760924727 a prime number?
False
Is 76109339 a prime number?
True
Is 2147009 prime?
True
Is 1406859 a composite number?
True
Is 1157671961 a composite number?
False
Is 166147 prime?
True
Is 9981689 prime?
True
Is 317118157 prime?
False
Is 3102017 composite?
False
Is 39825983 composite?
True
Is 26443 a composite number?
True
Is 822489 composite?
True
Is 712128743 a prime number?
True
Is 2520839 composite?
True
Is 199723811 prime?
False
Is 400388887 composite?
False
Is 117689095 prime?
False
Is 104290997 a composite number?
True
Is 57081403 composite?
False
Is 4904759 prime?
True
Is 198759955 composite?
True
Is 15885829 a composite number?
False
Is 1106563 composite?
False
Is 12686299 a composite number?
False
Is 16126603 a composite number?
True
Is 3928417 prime?
True
Is 599167729 composite?
False
Is 15653623 prime?
False
Is 105731339 composite?
True
Is 397577 a prime number?
False
Is 43579513 a composite number?
True
Is 78254599 a prime number?
False
Is 4674739 a prime number?
True
Is 6176011 prime?
True
Is 5184077 a composite number?
True
Is 199312613 prime?
True
Is 1109023 a composite number?
True
Is 24735847 a prime number?
False
Is 465310327 composite?
False
Is 4037221 a prime number?
True
Is 30848351 composite?
False
Is 7567733 prime?
False
Is 314491 composite?
False
Is 17504029 a prime number?
False
Is 1